{"id":12570,"date":"2025-05-08T17:39:27","date_gmt":"2025-05-08T22:39:27","guid":{"rendered":"https:\/\/www.diprod.pe\/shop\/product\/x199-cable-de-datos-y-carga-100w-usb-c-a-usb-c-1mt\/"},"modified":"2025-05-12T09:09:28","modified_gmt":"2025-05-12T14:09:28","slug":"x199-cable-de-datos-y-carga-100w-usb-c-a-usb-c-1mt","status":"publish","type":"product","link":"https:\/\/www.diprod.pe\/shop\/product\/x199-cable-de-datos-y-carga-100w-usb-c-a-usb-c-1mt\/","title":{"rendered":"X199 Cable de Datos y Carga 100W Usb-c a Usb-c &#8211; 1MT"},"content":{"rendered":"<p>Material: TPE<br \/>\nInterfaz: Tipo C a Tipo C<br \/>\nLongitud: 1 m<br \/>\nCorriente: PD 240 W<\/p>\n","protected":false},"excerpt":{"rendered":"<p>Carga Rapida.<br \/>\nAdmite 20 V\/5 A, 100 W de potencia de carga flash a la computadora port\u00e1til con alta eficiencia,<br \/>\nahorra mucho tiempo.<br \/>\nCompatibilidad superamplia.<br \/>\nAplicar a varios dispositivos de interfaz USB C para cargar y transferir datos, incluidos port\u00e1tiles, tabletas y tel\u00e9fonos m\u00f3viles.<\/p>\n","protected":false},"featured_media":12347,"template":"","meta":[],"product_cat":[692,700],"product_tag":[],"class_list":{"0":"post-12570","1":"product","2":"type-product","3":"status-publish","4":"has-post-thumbnail","6":"product_cat-bwoo","7":"product_cat-cable-de-datos","9":"first","10":"instock","11":"shipping-taxable","12":"purchasable","13":"product-type-simple"},"_links":{"self":[{"href":"https:\/\/www.diprod.pe\/shop\/wp-json\/wp\/v2\/product\/12570","targetHints":{"allow":["GET"]}}],"collection":[{"href":"https:\/\/www.diprod.pe\/shop\/wp-json\/wp\/v2\/product"}],"about":[{"href":"https:\/\/www.diprod.pe\/shop\/wp-json\/wp\/v2\/types\/product"}],"version-history":[{"count":1,"href":"https:\/\/www.diprod.pe\/shop\/wp-json\/wp\/v2\/product\/12570\/revisions"}],"predecessor-version":[{"id":12718,"href":"https:\/\/www.diprod.pe\/shop\/wp-json\/wp\/v2\/product\/12570\/revisions\/12718"}],"wp:featuredmedia":[{"embeddable":true,"href":"https:\/\/www.diprod.pe\/shop\/wp-json\/wp\/v2\/media\/12347"}],"wp:attachment":[{"href":"https:\/\/www.diprod.pe\/shop\/wp-json\/wp\/v2\/media?parent=12570"}],"wp:term":[{"taxonomy":"product_cat","embeddable":true,"href":"https:\/\/www.diprod.pe\/shop\/wp-json\/wp\/v2\/product_cat?post=12570"},{"taxonomy":"product_tag","embeddable":true,"href":"https:\/\/www.diprod.pe\/shop\/wp-json\/wp\/v2\/product_tag?post=12570"}],"curies":[{"name":"wp","href":"https:\/\/api.w.org\/{rel}","templated":true}]}}