{"id":12547,"date":"2025-05-08T17:37:25","date_gmt":"2025-05-08T22:37:25","guid":{"rendered":"https:\/\/www.diprod.pe\/shop\/product\/bo-zp14-tripode-con-control-remoto-inalambrico-para-telefono-movil-palo-para-selfies\/"},"modified":"2025-05-12T08:58:41","modified_gmt":"2025-05-12T13:58:41","slug":"bo-zp14-tripode-con-control-remoto-inalambrico-para-telefono-movil-palo-para-selfies","status":"publish","type":"product","link":"https:\/\/www.diprod.pe\/shop\/product\/bo-zp14-tripode-con-control-remoto-inalambrico-para-telefono-movil-palo-para-selfies\/","title":{"rendered":"BO-ZP14 Tr\u00edpode con control remoto inal\u00e1mbrico para tel\u00e9fono m\u00f3vil, palo para selfies"},"content":{"rendered":"<p>Longitud de tracci\u00f3n: 19,8 cm a 100 cm<br \/>\nVoltaje: 3 V<br \/>\nCapacidad: 70 MAH<br \/>\nVersi\u00f3n inal\u00e1mbrica: BT5.2<br \/>\nMaterial: pl\u00e1stico y aleaci\u00f3n de aluminio<\/p>\n","protected":false},"excerpt":{"rendered":"<p>Palo selfie extensible y plegable<br \/>\nRotaci\u00f3n de 360 \u200b\u200bgrados<br \/>\nControl remoto BT5.2 desmontable<\/p>\n","protected":false},"featured_media":12496,"template":"","meta":[],"product_cat":[692,695],"product_tag":[],"class_list":{"0":"post-12547","1":"product","2":"type-product","3":"status-publish","4":"has-post-thumbnail","6":"product_cat-bwoo","7":"product_cat-palo-selfie","9":"first","10":"instock","11":"shipping-taxable","12":"purchasable","13":"product-type-simple"},"_links":{"self":[{"href":"https:\/\/www.diprod.pe\/shop\/wp-json\/wp\/v2\/product\/12547","targetHints":{"allow":["GET"]}}],"collection":[{"href":"https:\/\/www.diprod.pe\/shop\/wp-json\/wp\/v2\/product"}],"about":[{"href":"https:\/\/www.diprod.pe\/shop\/wp-json\/wp\/v2\/types\/product"}],"version-history":[{"count":1,"href":"https:\/\/www.diprod.pe\/shop\/wp-json\/wp\/v2\/product\/12547\/revisions"}],"predecessor-version":[{"id":12741,"href":"https:\/\/www.diprod.pe\/shop\/wp-json\/wp\/v2\/product\/12547\/revisions\/12741"}],"wp:featuredmedia":[{"embeddable":true,"href":"https:\/\/www.diprod.pe\/shop\/wp-json\/wp\/v2\/media\/12496"}],"wp:attachment":[{"href":"https:\/\/www.diprod.pe\/shop\/wp-json\/wp\/v2\/media?parent=12547"}],"wp:term":[{"taxonomy":"product_cat","embeddable":true,"href":"https:\/\/www.diprod.pe\/shop\/wp-json\/wp\/v2\/product_cat?post=12547"},{"taxonomy":"product_tag","embeddable":true,"href":"https:\/\/www.diprod.pe\/shop\/wp-json\/wp\/v2\/product_tag?post=12547"}],"curies":[{"name":"wp","href":"https:\/\/api.w.org\/{rel}","templated":true}]}}