{"id":11980,"date":"2023-09-05T10:46:36","date_gmt":"2023-09-05T15:46:36","guid":{"rendered":"https:\/\/www.diprod.pe\/shop\/?post_type=product&#038;p=11980"},"modified":"2024-11-13T01:23:29","modified_gmt":"2024-11-13T06:23:29","slug":"canasta-navidena-suena-alegria","status":"publish","type":"product","link":"https:\/\/www.diprod.pe\/shop\/product\/canasta-navidena-suena-alegria\/","title":{"rendered":"Canasta Navide\u00f1a Sue\u00f1a Alegr\u00eda"},"content":{"rendered":"<table style=\"height: 429px;\" width=\"548\">\n<tbody>\n<tr>\n<td width=\"370\">Arroz Superior Coste\u00f1o o Timonel o valle norte 750gr<\/td>\n<td width=\"61\">1<\/td>\n<\/tr>\n<tr>\n<td>Panet\u00f3n Bolsa Bimbo 900gr.<\/td>\n<td>1<\/td>\n<\/tr>\n<tr>\n<td width=\"370\">Chocolate tableta para taza baldarassi o Cuzco Real por 90 gr.<\/td>\n<td>2<\/td>\n<\/tr>\n<tr>\n<td>Espumante Primado &#8211; Queirolo 750ml<\/td>\n<td>1<\/td>\n<\/tr>\n<tr>\n<td>Aceite Vegetal o Soya 900ml Cielo, Beltran<\/td>\n<td>1<\/td>\n<\/tr>\n<tr>\n<td>Fideos Grano de Oro, Tornillo del cielo 250gr<\/td>\n<td>2<\/td>\n<\/tr>\n<tr>\n<td>Paquete Wafer Nik 06 * 29gr<\/td>\n<td>1<\/td>\n<\/tr>\n<tr>\n<td>Arveja paquete * 500gr.<\/td>\n<td>1<\/td>\n<\/tr>\n<tr>\n<td>Lata de At\u00fan 170gr.Vega, Arica, Beltran<\/td>\n<td>1<\/td>\n<\/tr>\n<tr>\n<td width=\"370\">Mermelada Hoja Redonda o Timonel 350gr<\/td>\n<td>1<\/td>\n<\/tr>\n<tr>\n<td width=\"370\">Leche Ideal cremosita o Gloria azul 395gr<\/td>\n<td>1<\/td>\n<\/tr>\n<tr>\n<td width=\"370\">Jugo de Frutas * 1 litro Watts<\/td>\n<td>1<\/td>\n<\/tr>\n<tr>\n<td>Salsa de Tomate Pomarola 160gr<\/td>\n<td>1<\/td>\n<\/tr>\n<tr>\n<td>Modificador Lacteo Milo 18grModificador Lacteo Milo 18gr<\/td>\n<td>3<\/td>\n<\/tr>\n<tr>\n<td>Avena Grano de Oro o Cielo 145gr<\/td>\n<td>2<\/td>\n<\/tr>\n<tr>\n<td>Azucar Rubia Cartavio, Dulfina o Marco Polo por 1 kl<\/td>\n<td>1<\/td>\n<\/tr>\n<tr>\n<td>Presentaci\u00f3n: CAJA DE CARTON MOTIVO NAVIDE\u00d1O A2<\/td>\n<td>1<\/td>\n<\/tr>\n<tr>\n<td>TOTAL ITEMS<\/td>\n<td>22<\/td>\n<\/tr>\n<\/tbody>\n<\/table>\n","protected":false},"excerpt":{"rendered":"<p>Arroz Superior Coste\u00f1o o Timonel o valle norte 750gr 1 Panet\u00f3n Bolsa Bimbo 900gr. 1 Chocolate tableta para taza baldarassi o Cuzco Real por 90 gr. 2 Espumante Primado &#8211; Queirolo 750ml 1 Aceite Vegetal o Soya 900ml Cielo, Beltran 1 Fideos Grano de Oro, Tornillo del cielo 250gr 2 Paquete Wafer Nik 06 * [&hellip;]<\/p>\n","protected":false},"featured_media":11981,"template":"","meta":[],"product_cat":[682,675],"product_tag":[532,533,677],"class_list":{"0":"post-11980","1":"product","2":"type-product","3":"status-publish","4":"has-post-thumbnail","6":"product_brand-diprod","7":"product_cat-canastas","8":"product_cat-canastas-navidena","9":"product_tag-canastas","10":"product_tag-navidad","11":"product_tag-temporada","13":"first","14":"instock","15":"shipping-taxable","16":"purchasable","17":"product-type-simple"},"_links":{"self":[{"href":"https:\/\/www.diprod.pe\/shop\/wp-json\/wp\/v2\/product\/11980","targetHints":{"allow":["GET"]}}],"collection":[{"href":"https:\/\/www.diprod.pe\/shop\/wp-json\/wp\/v2\/product"}],"about":[{"href":"https:\/\/www.diprod.pe\/shop\/wp-json\/wp\/v2\/types\/product"}],"version-history":[{"count":2,"href":"https:\/\/www.diprod.pe\/shop\/wp-json\/wp\/v2\/product\/11980\/revisions"}],"predecessor-version":[{"id":12228,"href":"https:\/\/www.diprod.pe\/shop\/wp-json\/wp\/v2\/product\/11980\/revisions\/12228"}],"wp:featuredmedia":[{"embeddable":true,"href":"https:\/\/www.diprod.pe\/shop\/wp-json\/wp\/v2\/media\/11981"}],"wp:attachment":[{"href":"https:\/\/www.diprod.pe\/shop\/wp-json\/wp\/v2\/media?parent=11980"}],"wp:term":[{"taxonomy":"product_cat","embeddable":true,"href":"https:\/\/www.diprod.pe\/shop\/wp-json\/wp\/v2\/product_cat?post=11980"},{"taxonomy":"product_tag","embeddable":true,"href":"https:\/\/www.diprod.pe\/shop\/wp-json\/wp\/v2\/product_tag?post=11980"}],"curies":[{"name":"wp","href":"https:\/\/api.w.org\/{rel}","templated":true}]}}