{"id":11283,"date":"2023-05-31T13:59:48","date_gmt":"2023-05-31T18:59:48","guid":{"rendered":"https:\/\/www.diprod.pe\/shop\/product\/11283\/"},"modified":"2023-06-02T12:25:31","modified_gmt":"2023-06-02T17:25:31","slug":"11283","status":"publish","type":"product","link":"https:\/\/www.diprod.pe\/shop\/product\/11283\/","title":{"rendered":"Caf\u00e9 Fina Selecci\u00f3n x 200 Gr"},"content":{"rendered":"<p>Caf\u00e9 fina selecci\u00f3n envase en vidrio<br \/>\ncontenid: 200 gramos<\/p>\n","protected":false},"excerpt":{"rendered":"<p>Caf\u00e9 fina selecci\u00f3n envase en vidrio contenid: 200 gramos<\/p>\n","protected":false},"featured_media":11328,"template":"","meta":[],"product_cat":[554,552],"product_tag":[556,558,557],"class_list":{"0":"post-11283","1":"product","2":"type-product","3":"status-publish","4":"has-post-thumbnail","6":"product_brand-nescafe","7":"product_cat-cafe","8":"product_cat-insumo-cafeteria","9":"product_tag-cafe","10":"product_tag-cafeteria","11":"product_tag-desayuno","13":"first","14":"instock","15":"sale","16":"shipping-taxable","17":"purchasable","18":"product-type-simple"},"_links":{"self":[{"href":"https:\/\/www.diprod.pe\/shop\/wp-json\/wp\/v2\/product\/11283","targetHints":{"allow":["GET"]}}],"collection":[{"href":"https:\/\/www.diprod.pe\/shop\/wp-json\/wp\/v2\/product"}],"about":[{"href":"https:\/\/www.diprod.pe\/shop\/wp-json\/wp\/v2\/types\/product"}],"version-history":[{"count":2,"href":"https:\/\/www.diprod.pe\/shop\/wp-json\/wp\/v2\/product\/11283\/revisions"}],"predecessor-version":[{"id":11329,"href":"https:\/\/www.diprod.pe\/shop\/wp-json\/wp\/v2\/product\/11283\/revisions\/11329"}],"wp:featuredmedia":[{"embeddable":true,"href":"https:\/\/www.diprod.pe\/shop\/wp-json\/wp\/v2\/media\/11328"}],"wp:attachment":[{"href":"https:\/\/www.diprod.pe\/shop\/wp-json\/wp\/v2\/media?parent=11283"}],"wp:term":[{"taxonomy":"product_cat","embeddable":true,"href":"https:\/\/www.diprod.pe\/shop\/wp-json\/wp\/v2\/product_cat?post=11283"},{"taxonomy":"product_tag","embeddable":true,"href":"https:\/\/www.diprod.pe\/shop\/wp-json\/wp\/v2\/product_tag?post=11283"}],"curies":[{"name":"wp","href":"https:\/\/api.w.org\/{rel}","templated":true}]}}