{"id":11273,"date":"2023-05-31T13:58:57","date_gmt":"2023-05-31T18:58:57","guid":{"rendered":"https:\/\/www.diprod.pe\/shop\/product\/11273\/"},"modified":"2023-06-02T14:32:48","modified_gmt":"2023-06-02T19:32:48","slug":"11273","status":"publish","type":"product","link":"https:\/\/www.diprod.pe\/shop\/product\/11273\/","title":{"rendered":"CAFE INSTANTANEO TRADICION DOY PACK X 250GR KIRMA"},"content":{"rendered":"<table>\n<tbody>\n<tr class=\"even\">\n<th class=\"name-field Presentacion-Empaque\">Presentaci\u00f3n\/Empaque<\/th>\n<td class=\"value-field Presentacion-Empaque\">Caja<\/td>\n<\/tr>\n<tr>\n<th class=\"name-field Cafe-Puro\">Caf\u00e9 Puro<\/th>\n<td class=\"value-field Cafe-Puro\">S\u00ed<\/td>\n<\/tr>\n<tr class=\"even\">\n<th class=\"name-field Libre-De-Cafeina\">Libre De Cafe\u00edna<\/th>\n<td class=\"value-field Libre-De-Cafeina\">No<\/td>\n<\/tr>\n<tr>\n<th class=\"name-field Denominacion-Dietetica\">Denominaci\u00f3n Diet\u00e9tica<\/th>\n<td class=\"value-field Denominacion-Dietetica\">Regular<\/td>\n<\/tr>\n<tr class=\"even\">\n<th class=\"name-field Organico\">Org\u00e1nico<\/th>\n<td class=\"value-field Organico\">No<\/td>\n<\/tr>\n<tr>\n<th class=\"name-field Descripcion-Tecnica\">Descripci\u00f3n T\u00e9cnica<\/th>\n<td class=\"value-field Descripcion-Tecnica\">NESCAFE KIRMA Doy Pack 15x250g PE<\/td>\n<\/tr>\n<tr class=\"even\">\n<th class=\"name-field Unidades-Por-Paquete\">Unidades Por Paquete<\/th>\n<td class=\"value-field Unidades-Por-Paquete\">15<\/td>\n<\/tr>\n<tr>\n<th class=\"name-field Porcion-Sugerida\">Porci\u00f3n Sugerida<\/th>\n<td class=\"value-field Porcion-Sugerida\">2gr<\/td>\n<\/tr>\n<tr class=\"even\">\n<th class=\"name-field Formato\">Formato<\/th>\n<td class=\"value-field Formato\">Polvo<\/td>\n<\/tr>\n<tr>\n<th class=\"name-field Azucares-Por-Porcion\">Az\u00facares Por Porci\u00f3n<\/th>\n<td class=\"value-field Azucares-Por-Porcion\">0.00gr<\/td>\n<\/tr>\n<tr class=\"even\">\n<th class=\"name-field Carbohidratos-Por-Porcion\">Carbohidratos Por Porci\u00f3n<\/th>\n<td class=\"value-field Carbohidratos-Por-Porcion\">0.00gr<\/td>\n<\/tr>\n<tr>\n<th class=\"name-field Grasas-Por-Porcion\">Grasas Por Porci\u00f3n<\/th>\n<td class=\"value-field Grasas-Por-Porcion\">0.00gr<\/td>\n<\/tr>\n<tr class=\"even\">\n<th class=\"name-field Porciones-Por-Envase\">Porciones Por Envase<\/th>\n<td class=\"value-field Porciones-Por-Envase\">125<\/td>\n<\/tr>\n<tr>\n<th class=\"name-field Proteinas-Por-Porcion\">Prote\u00ednas Por Porci\u00f3n<\/th>\n<td class=\"value-field Proteinas-Por-Porcion\">0.00gr<\/td>\n<\/tr>\n<tr class=\"even\">\n<th class=\"name-field Origen-Del-Grano\">Origen Del Grano<\/th>\n<td class=\"value-field Origen-Del-Grano\">Brasil<\/td>\n<\/tr>\n<tr>\n<th class=\"name-field Advertencias-De-Almacenamiento\">Advertencias De Almacenamiento<\/th>\n<td class=\"value-field Advertencias-De-Almacenamiento\">Conservar en lugar fresco y seco<\/td>\n<\/tr>\n<tr class=\"even\">\n<th class=\"name-field Contenido-Neto\">Contenido Neto<\/th>\n<td class=\"value-field Contenido-Neto\">250gr<\/td>\n<\/tr>\n<tr>\n<th class=\"name-field Denominacion-Variedad\">Denominaci\u00f3n\/Variedad<\/th>\n<td class=\"value-field Denominacion-Variedad\">Caf\u00e9 instant\u00e1neo<\/td>\n<\/tr>\n<\/tbody>\n<\/table>\n","protected":false},"excerpt":{"rendered":"<p>Presentaci\u00f3n\/Empaque Caja Caf\u00e9 Puro S\u00ed Libre De Cafe\u00edna No Denominaci\u00f3n Diet\u00e9tica Regular Org\u00e1nico No Descripci\u00f3n T\u00e9cnica NESCAFE KIRMA Doy Pack 15x250g PE Unidades Por Paquete 15 Porci\u00f3n Sugerida 2gr Formato Polvo Az\u00facares Por Porci\u00f3n 0.00gr Carbohidratos Por Porci\u00f3n 0.00gr Grasas Por Porci\u00f3n 0.00gr Porciones Por Envase 125 Prote\u00ednas Por Porci\u00f3n 0.00gr Origen Del Grano Brasil [&hellip;]<\/p>\n","protected":false},"featured_media":11351,"template":"","meta":[],"product_cat":[554,552],"product_tag":[556,558,557],"class_list":{"0":"post-11273","1":"product","2":"type-product","3":"status-publish","4":"has-post-thumbnail","6":"product_cat-cafe","7":"product_cat-insumo-cafeteria","8":"product_tag-cafe","9":"product_tag-cafeteria","10":"product_tag-desayuno","12":"first","13":"instock","14":"sale","15":"shipping-taxable","16":"purchasable","17":"product-type-simple"},"_links":{"self":[{"href":"https:\/\/www.diprod.pe\/shop\/wp-json\/wp\/v2\/product\/11273","targetHints":{"allow":["GET"]}}],"collection":[{"href":"https:\/\/www.diprod.pe\/shop\/wp-json\/wp\/v2\/product"}],"about":[{"href":"https:\/\/www.diprod.pe\/shop\/wp-json\/wp\/v2\/types\/product"}],"version-history":[{"count":2,"href":"https:\/\/www.diprod.pe\/shop\/wp-json\/wp\/v2\/product\/11273\/revisions"}],"predecessor-version":[{"id":11350,"href":"https:\/\/www.diprod.pe\/shop\/wp-json\/wp\/v2\/product\/11273\/revisions\/11350"}],"wp:featuredmedia":[{"embeddable":true,"href":"https:\/\/www.diprod.pe\/shop\/wp-json\/wp\/v2\/media\/11351"}],"wp:attachment":[{"href":"https:\/\/www.diprod.pe\/shop\/wp-json\/wp\/v2\/media?parent=11273"}],"wp:term":[{"taxonomy":"product_cat","embeddable":true,"href":"https:\/\/www.diprod.pe\/shop\/wp-json\/wp\/v2\/product_cat?post=11273"},{"taxonomy":"product_tag","embeddable":true,"href":"https:\/\/www.diprod.pe\/shop\/wp-json\/wp\/v2\/product_tag?post=11273"}],"curies":[{"name":"wp","href":"https:\/\/api.w.org\/{rel}","templated":true}]}}