{"id":11261,"date":"2023-05-31T13:58:55","date_gmt":"2023-05-31T18:58:55","guid":{"rendered":"https:\/\/www.diprod.pe\/shop\/product\/d0512006puff-asiento-banco-circular-30cm-x-40cm-puffgenerico-s-125-00-212-5020170-00\/"},"modified":"2023-06-03T22:44:43","modified_gmt":"2023-06-04T03:44:43","slug":"d0512006puff-asiento-banco-circular-30cm-x-40cm-puffgenerico-s-125-00-212-5020170-00","status":"publish","type":"product","link":"https:\/\/www.diprod.pe\/shop\/product\/d0512006puff-asiento-banco-circular-30cm-x-40cm-puffgenerico-s-125-00-212-5020170-00\/","title":{"rendered":"EDULZANTE NATURAL EN POLVO X 100 SOBRES STEVIA"},"content":{"rendered":"<table>\n<tbody>\n<tr class=\"even\">\n<th class=\"name-field Presentacion-Empaque\">Presentaci\u00f3n\/Empaque<\/th>\n<td class=\"value-field Presentacion-Empaque\">Caja<\/td>\n<\/tr>\n<tr>\n<th class=\"name-field Unidades-Por-Paquete\">Unidades Por Paquete<\/th>\n<td class=\"value-field Unidades-Por-Paquete\">100 Sobres<\/td>\n<\/tr>\n<tr class=\"even\">\n<th class=\"name-field Porcion-Sugerida\">Porci\u00f3n Sugerida<\/th>\n<td class=\"value-field Porcion-Sugerida\">1g<\/td>\n<\/tr>\n<tr>\n<th class=\"name-field Formato\">Formato<\/th>\n<td class=\"value-field Formato\">Polvo<\/td>\n<\/tr>\n<tr class=\"even\">\n<th class=\"name-field Azucares-Por-Porcion\">Az\u00facares Por Porci\u00f3n<\/th>\n<td class=\"value-field Azucares-Por-Porcion\">0<\/td>\n<\/tr>\n<tr>\n<th class=\"name-field Calorias-Por-Porcion\">Calor\u00edas Por Porci\u00f3n<\/th>\n<td class=\"value-field Calorias-Por-Porcion\">0Kcal<\/td>\n<\/tr>\n<tr class=\"even\">\n<th class=\"name-field Carbohidratos-Por-Porcion\">Carbohidratos Por Porci\u00f3n<\/th>\n<td class=\"value-field Carbohidratos-Por-Porcion\">0.8g<\/td>\n<\/tr>\n<tr>\n<th class=\"name-field Descripcion-Nutricional\">Descripci\u00f3n Nutricional<\/th>\n<td class=\"value-field Descripcion-Nutricional\">No contiene calor\u00edas, qu\u00edmicos, az\u00facar, aspartame, fenilalanina y fructosa.<\/td>\n<\/tr>\n<tr class=\"even\">\n<th class=\"name-field Grasas-Por-Porcion\">Grasas Por Porci\u00f3n<\/th>\n<td class=\"value-field Grasas-Por-Porcion\">0g<\/td>\n<\/tr>\n<tr>\n<th class=\"name-field Porciones-Por-Envase\">Porciones Por Envase<\/th>\n<td class=\"value-field Porciones-Por-Envase\">100<\/td>\n<\/tr>\n<tr class=\"even\">\n<th class=\"name-field Proteinas-Por-Porcion\">Prote\u00ednas Por Porci\u00f3n<\/th>\n<td class=\"value-field Proteinas-Por-Porcion\">0g<\/td>\n<\/tr>\n<tr>\n<th class=\"name-field Sodio-Por-Porcion\">Sodio Por Porci\u00f3n<\/th>\n<td class=\"value-field Sodio-Por-Porcion\">0mg<\/td>\n<\/tr>\n<tr class=\"even\">\n<th class=\"name-field Composicion-Origen\">Composici\u00f3n\/Origen<\/th>\n<td class=\"value-field Composicion-Origen\">Stevia<\/td>\n<\/tr>\n<tr>\n<th class=\"name-field Advertencias-De-Almacenamiento\">Advertencias De Almacenamiento<\/th>\n<td class=\"value-field Advertencias-De-Almacenamiento\">Almacenar en un lugar fresco y seco.<\/td>\n<\/tr>\n<tr class=\"even\">\n<th class=\"name-field Contenido-Neto\">Contenido Neto<\/th>\n<td class=\"value-field Contenido-Neto\">100g<\/td>\n<\/tr>\n<tr>\n<th class=\"name-field Denominacion-Variedad\">Denominaci\u00f3n\/Variedad<\/th>\n<td class=\"value-field Denominacion-Variedad\">Sweet<\/td>\n<\/tr>\n<\/tbody>\n<\/table>\n","protected":false},"excerpt":{"rendered":"<p>Presentaci\u00f3n\/Empaque Caja Unidades Por Paquete 100 Sobres Porci\u00f3n Sugerida 1g Formato Polvo Az\u00facares Por Porci\u00f3n 0 Calor\u00edas Por Porci\u00f3n 0Kcal Carbohidratos Por Porci\u00f3n 0.8g Descripci\u00f3n Nutricional No contiene calor\u00edas, qu\u00edmicos, az\u00facar, aspartame, fenilalanina y fructosa. Grasas Por Porci\u00f3n 0g Porciones Por Envase 100 Prote\u00ednas Por Porci\u00f3n 0g Sodio Por Porci\u00f3n 0mg Composici\u00f3n\/Origen Stevia Advertencias De [&hellip;]<\/p>\n","protected":false},"featured_media":11441,"template":"","meta":[],"product_cat":[574,552],"product_tag":[558,557,577],"class_list":{"0":"post-11261","1":"product","2":"type-product","3":"status-publish","4":"has-post-thumbnail","6":"product_brand-stevia","7":"product_cat-edulcorante","8":"product_cat-insumo-cafeteria","9":"product_tag-cafeteria","10":"product_tag-desayuno","11":"product_tag-edulcorante","13":"first","14":"instock","15":"sale","16":"shipping-taxable","17":"purchasable","18":"product-type-simple"},"_links":{"self":[{"href":"https:\/\/www.diprod.pe\/shop\/wp-json\/wp\/v2\/product\/11261","targetHints":{"allow":["GET"]}}],"collection":[{"href":"https:\/\/www.diprod.pe\/shop\/wp-json\/wp\/v2\/product"}],"about":[{"href":"https:\/\/www.diprod.pe\/shop\/wp-json\/wp\/v2\/types\/product"}],"version-history":[{"count":2,"href":"https:\/\/www.diprod.pe\/shop\/wp-json\/wp\/v2\/product\/11261\/revisions"}],"predecessor-version":[{"id":11440,"href":"https:\/\/www.diprod.pe\/shop\/wp-json\/wp\/v2\/product\/11261\/revisions\/11440"}],"wp:featuredmedia":[{"embeddable":true,"href":"https:\/\/www.diprod.pe\/shop\/wp-json\/wp\/v2\/media\/11441"}],"wp:attachment":[{"href":"https:\/\/www.diprod.pe\/shop\/wp-json\/wp\/v2\/media?parent=11261"}],"wp:term":[{"taxonomy":"product_cat","embeddable":true,"href":"https:\/\/www.diprod.pe\/shop\/wp-json\/wp\/v2\/product_cat?post=11261"},{"taxonomy":"product_tag","embeddable":true,"href":"https:\/\/www.diprod.pe\/shop\/wp-json\/wp\/v2\/product_tag?post=11261"}],"curies":[{"name":"wp","href":"https:\/\/api.w.org\/{rel}","templated":true}]}}