{"id":11050,"date":"2022-09-14T16:17:18","date_gmt":"2022-09-14T21:17:18","guid":{"rendered":"https:\/\/www.diprod.pe\/shop\/?post_type=product&#038;p=11050"},"modified":"2023-10-13T17:13:49","modified_gmt":"2023-10-13T22:13:49","slug":"paneton-donofrio-en-caja-900-gr-x-6-unidades","status":"publish","type":"product","link":"https:\/\/www.diprod.pe\/shop\/product\/paneton-donofrio-en-caja-900-gr-x-6-unidades\/","title":{"rendered":"PANET\u00d3N DONOFRIO EN CAJA 900 GR X 6 UNIDADES"},"content":{"rendered":"<p>DONOFRIO &#8211; CAJA<\/p>\n","protected":false},"excerpt":{"rendered":"<p>Vuelve tu cl\u00e1sico panet\u00f3n de D\u2019Onofrio en caja para que no olvides que lo mejor siempre estar\u00e1 cerca de ti. Como ese panet\u00f3n esponjocito, suavecito y rico que ya conoces. Aprovecha la temporada de fr\u00edo para disfrutarlo en donde sea y con quien quieras. \u00a1Esta vez no hay excusa! Acomp\u00e1\u00f1alo con la bebida caliente que m\u00e1s disfrutes y no olvides siempre elegir lo mejor para llevarlo a casa. \u00a1Pasa una excelente tarde junto a tu panet\u00f3n favorito! Consume este producto como un aperitivo o postre despu\u00e9s del almuerza. Ver\u00e1s c\u00f3mo tus tardes sabr\u00e1n mejor.<\/p>\n","protected":false},"featured_media":11052,"template":"","meta":[],"product_cat":[292],"product_tag":[],"class_list":{"0":"post-11050","1":"product","2":"type-product","3":"status-publish","4":"has-post-thumbnail","6":"product_cat-deporte","8":"first","9":"instock","10":"shipping-taxable","11":"product-type-simple"},"_links":{"self":[{"href":"https:\/\/www.diprod.pe\/shop\/wp-json\/wp\/v2\/product\/11050","targetHints":{"allow":["GET"]}}],"collection":[{"href":"https:\/\/www.diprod.pe\/shop\/wp-json\/wp\/v2\/product"}],"about":[{"href":"https:\/\/www.diprod.pe\/shop\/wp-json\/wp\/v2\/types\/product"}],"version-history":[{"count":1,"href":"https:\/\/www.diprod.pe\/shop\/wp-json\/wp\/v2\/product\/11050\/revisions"}],"predecessor-version":[{"id":11053,"href":"https:\/\/www.diprod.pe\/shop\/wp-json\/wp\/v2\/product\/11050\/revisions\/11053"}],"wp:featuredmedia":[{"embeddable":true,"href":"https:\/\/www.diprod.pe\/shop\/wp-json\/wp\/v2\/media\/11052"}],"wp:attachment":[{"href":"https:\/\/www.diprod.pe\/shop\/wp-json\/wp\/v2\/media?parent=11050"}],"wp:term":[{"taxonomy":"product_cat","embeddable":true,"href":"https:\/\/www.diprod.pe\/shop\/wp-json\/wp\/v2\/product_cat?post=11050"},{"taxonomy":"product_tag","embeddable":true,"href":"https:\/\/www.diprod.pe\/shop\/wp-json\/wp\/v2\/product_tag?post=11050"}],"curies":[{"name":"wp","href":"https:\/\/api.w.org\/{rel}","templated":true}]}}