{"id":10106,"date":"2020-11-19T09:09:14","date_gmt":"2020-11-19T14:09:14","guid":{"rendered":"https:\/\/www.diprod.pe\/shop\/?post_type=product&#038;p=10106"},"modified":"2020-12-17T12:13:49","modified_gmt":"2020-12-17T17:13:49","slug":"felpudo-negro-60x40-3m","status":"publish","type":"product","link":"https:\/\/www.diprod.pe\/shop\/product\/felpudo-negro-60x40-3m\/","title":{"rendered":"FELPUDO NEGRO 60X40 3M"},"content":{"rendered":"","protected":false},"excerpt":{"rendered":"<p>Empleado como alfombra de entrada donde el polvo es un problema. El respaldo previene que la suciedad y el agua alcancen la superficie del piso. Aplicaciones en pasillos, entradas, vest\u00edbulos y salas de computaci\u00f3n. Usado tambi\u00e9n como piso anti fatiga.<\/p>\n","protected":false},"featured_media":10107,"template":"","meta":[],"product_cat":[464,290],"product_tag":[],"class_list":{"0":"post-10106","1":"product","2":"type-product","3":"status-publish","4":"has-post-thumbnail","6":"product_brand-3m","7":"product_cat-felpudo","8":"product_cat-homecente","10":"first","11":"instock","12":"sale","13":"shipping-taxable","14":"purchasable","15":"product-type-simple"},"_links":{"self":[{"href":"https:\/\/www.diprod.pe\/shop\/wp-json\/wp\/v2\/product\/10106","targetHints":{"allow":["GET"]}}],"collection":[{"href":"https:\/\/www.diprod.pe\/shop\/wp-json\/wp\/v2\/product"}],"about":[{"href":"https:\/\/www.diprod.pe\/shop\/wp-json\/wp\/v2\/types\/product"}],"version-history":[{"count":1,"href":"https:\/\/www.diprod.pe\/shop\/wp-json\/wp\/v2\/product\/10106\/revisions"}],"predecessor-version":[{"id":10109,"href":"https:\/\/www.diprod.pe\/shop\/wp-json\/wp\/v2\/product\/10106\/revisions\/10109"}],"wp:featuredmedia":[{"embeddable":true,"href":"https:\/\/www.diprod.pe\/shop\/wp-json\/wp\/v2\/media\/10107"}],"wp:attachment":[{"href":"https:\/\/www.diprod.pe\/shop\/wp-json\/wp\/v2\/media?parent=10106"}],"wp:term":[{"taxonomy":"product_cat","embeddable":true,"href":"https:\/\/www.diprod.pe\/shop\/wp-json\/wp\/v2\/product_cat?post=10106"},{"taxonomy":"product_tag","embeddable":true,"href":"https:\/\/www.diprod.pe\/shop\/wp-json\/wp\/v2\/product_tag?post=10106"}],"curies":[{"name":"wp","href":"https:\/\/api.w.org\/{rel}","templated":true}]}}