{"id":9629,"date":"2020-07-17T11:55:16","date_gmt":"2020-07-17T16:55:16","guid":{"rendered":"https:\/\/www.diprod.pe\/shop\/?page_id=9629"},"modified":"2021-08-11T17:16:39","modified_gmt":"2021-08-11T22:16:39","slug":"terminos-y-condiciones","status":"publish","type":"page","link":"https:\/\/www.diprod.pe\/shop\/terminos-y-condiciones\/","title":{"rendered":"T\u00e9rminos y condiciones"},"content":{"rendered":"\t\t<div data-elementor-type=\"wp-page\" data-elementor-id=\"9629\" class=\"elementor elementor-9629\" data-elementor-post-type=\"page\">\n\t\t\t\t\t\t<section class=\"elementor-section elementor-top-section elementor-element elementor-element-62b182da elementor-section-boxed elementor-section-height-default elementor-section-height-default none\" data-id=\"62b182da\" data-element_type=\"section\">\n\t\t\t\t\t\t<div class=\"elementor-container elementor-column-gap-default\">\n\t\t\t\t\t<div class=\"elementor-column elementor-col-50 elementor-top-column elementor-element elementor-element-c583932 none\" data-id=\"c583932\" data-element_type=\"column\">\n\t\t\t<div class=\"elementor-widget-wrap elementor-element-populated\">\n\t\t\t\t\t\t<div class=\"elementor-element elementor-element-fe4ca3e none elementor-widget elementor-widget-image\" data-id=\"fe4ca3e\" data-element_type=\"widget\" data-widget_type=\"image.default\">\n\t\t\t\t<div class=\"elementor-widget-container\">\n\t\t\t\t\t\t\t\t\t\t\t\t\t\t\t<img fetchpriority=\"high\" decoding=\"async\" width=\"1024\" height=\"979\" src=\"https:\/\/www.diprod.pe\/shop\/wp-content\/uploads\/2021\/02\/img-terminos-y-condiciones.png\" class=\"attachment-large size-large wp-image-10511 wp-post-image\" alt=\"\" srcset=\"https:\/\/www.diprod.pe\/shop\/wp-content\/uploads\/2021\/02\/img-terminos-y-condiciones.png 1024w, https:\/\/www.diprod.pe\/shop\/wp-content\/uploads\/2021\/02\/img-terminos-y-condiciones-300x287.png 300w, https:\/\/www.diprod.pe\/shop\/wp-content\/uploads\/2021\/02\/img-terminos-y-condiciones-768x734.png 768w, https:\/\/www.diprod.pe\/shop\/wp-content\/uploads\/2021\/02\/img-terminos-y-condiciones-600x574.png 600w, https:\/\/www.diprod.pe\/shop\/wp-content\/uploads\/2021\/02\/img-terminos-y-condiciones-64x61.png 64w\" sizes=\"(max-width: 1024px) 100vw, 1024px\" \/>\t\t\t\t\t\t\t\t\t\t\t\t\t\t\t<\/div>\n\t\t\t\t<\/div>\n\t\t\t\t\t<\/div>\n\t\t<\/div>\n\t\t\t\t<div class=\"elementor-column elementor-col-50 elementor-top-column elementor-element elementor-element-d1eb693 none\" data-id=\"d1eb693\" data-element_type=\"column\">\n\t\t\t<div class=\"elementor-widget-wrap elementor-element-populated\">\n\t\t\t\t\t\t<div class=\"elementor-element elementor-element-4b0cb108 none elementor-widget elementor-widget-text-editor\" data-id=\"4b0cb108\" data-element_type=\"widget\" data-widget_type=\"text-editor.default\">\n\t\t\t\t<div class=\"elementor-widget-container\">\n\t\t\t\t\t\t\t\t\t<p><strong>Protecci\u00f3n de Datos:<\/strong><\/p><p>Shop Diprod cuenta con una estricta pol\u00edtica de privacidad y confidencialidad en los datos e informaci\u00f3n de nuestros clientes. Somos responsables del contenido publicado en nuestro Shop, siendo los \u00fanicos autorizados en realizar cambios en la misma.<\/p><p>Mediante la aceptaci\u00f3n de esta pol\u00edtica de privacidad y de protecci\u00f3n de datos personales, usted acepta y consiente de manera expresa a Diprod, tratar los datos personales que proporciones de manera oral, escrita, o a trav\u00e9s de cualquier medio de comunicaci\u00f3n electr\u00f3nica o convencional para los siguientes fines: Env\u00edo de publicidad, mediante cualquier medio y soporte, env\u00edo de invitaciones y actividades relacionadas a la empresa.<\/p><p><strong>Entrega de Productos:<\/strong><\/p><p>Nuestros Productos del Shop Diprod, son exclusivos para venta por web.<\/p><p>Si al momento de la entrega no se encuentra una persona para recibirlo, Shop Diprod se contactar\u00e1 con el cliente, para reprogramar la entrega con un flete adicional, o en su defecto el cliente puede pasar a recoger a nuestros almacenes.<\/p><p>Cada Delivery tiene un costo seg\u00fan Lima Cercado y Lima Metropolitana Si desea el producto a una hora espec\u00edfica, puede consultar a nuestro WhatsApp de servicio al cliente.<\/p><p>Los productos son sujetos a stock disponible.<\/p><p>Las im\u00e1genes o fotos son referenciales.<\/p><p><strong>La entrega de productos Shop Diprod<\/strong><br \/>Los horarios de reparto son de 8:30 am a 6:00 pm, de lunes a viernes, s\u00e1bados de 9:00 a 2:00 pm<\/p><p><strong>Garant\u00eda de Productos:<\/strong><\/p><p>Todos nuestros productos cuentan con garant\u00eda de f\u00e1brica.<\/p>\t\t\t\t\t\t\t\t<\/div>\n\t\t\t\t<\/div>\n\t\t\t\t\t<\/div>\n\t\t<\/div>\n\t\t\t\t\t<\/div>\n\t\t<\/section>\n\t\t\t\t<\/div>\n\t\t","protected":false},"excerpt":{"rendered":"<p>Protecci\u00f3n de Datos: Shop Diprod cuenta con una estricta pol\u00edtica de privacidad y confidencialidad en los datos e informaci\u00f3n de nuestros clientes. Somos responsables del contenido publicado en nuestro Shop, siendo los \u00fanicos autorizados en realizar cambios en la misma. Mediante la aceptaci\u00f3n de esta pol\u00edtica de privacidad y de protecci\u00f3n de datos personales, usted [&hellip;]<\/p>\n","protected":false},"author":1,"featured_media":0,"parent":0,"menu_order":0,"comment_status":"closed","ping_status":"open","template":"","meta":{"footnotes":""},"class_list":["post-9629","page","type-page","status-publish","hentry"],"_links":{"self":[{"href":"https:\/\/www.diprod.pe\/shop\/wp-json\/wp\/v2\/pages\/9629","targetHints":{"allow":["GET"]}}],"collection":[{"href":"https:\/\/www.diprod.pe\/shop\/wp-json\/wp\/v2\/pages"}],"about":[{"href":"https:\/\/www.diprod.pe\/shop\/wp-json\/wp\/v2\/types\/page"}],"author":[{"embeddable":true,"href":"https:\/\/www.diprod.pe\/shop\/wp-json\/wp\/v2\/users\/1"}],"replies":[{"embeddable":true,"href":"https:\/\/www.diprod.pe\/shop\/wp-json\/wp\/v2\/comments?post=9629"}],"version-history":[{"count":10,"href":"https:\/\/www.diprod.pe\/shop\/wp-json\/wp\/v2\/pages\/9629\/revisions"}],"predecessor-version":[{"id":10657,"href":"https:\/\/www.diprod.pe\/shop\/wp-json\/wp\/v2\/pages\/9629\/revisions\/10657"}],"wp:attachment":[{"href":"https:\/\/www.diprod.pe\/shop\/wp-json\/wp\/v2\/media?parent=9629"}],"curies":[{"name":"wp","href":"https:\/\/api.w.org\/{rel}","templated":true}]}}